{"id":62532,"date":"2017-06-05T11:08:33","date_gmt":"2017-06-05T09:08:33","guid":{"rendered":"https:\/\/undsgn.com\/uncode\/?page_id=62532"},"modified":"2021-01-01T22:06:44","modified_gmt":"2021-01-01T22:06:44","slug":"blog-wide","status":"publish","type":"page","link":"https:\/\/barnmedibd.dk\/index.php\/homepages\/blog-wide\/","title":{"rendered":"Blog Wide"},"content":{"rendered":"<div class=\"wpb-content-wrapper\">[vc_row unlock_row_content=&#8221;yes&#8221; row_height_percent=&#8221;58&#8243; override_padding=&#8221;yes&#8221; h_padding=&#8221;0&#8243; top_padding=&#8221;0&#8243; bottom_padding=&#8221;0&#8243; back_color=&#8221;color-lxmt&#8221; back_image=&#8221;87604&#8243; overlay_alpha=&#8221;80&#8243; gutter_size=&#8221;0&#8243; column_width_percent=&#8221;100&#8243; shift_y=&#8221;0&#8243; z_index=&#8221;0&#8243;][vc_column column_width_percent=&#8221;100&#8243; position_vertical=&#8221;middle&#8221; gutter_size=&#8221;3&#8243; override_padding=&#8221;yes&#8221; column_padding=&#8221;3&#8243; style=&#8221;dark&#8221; overlay_alpha=&#8221;50&#8243; shift_x=&#8221;0&#8243; shift_y=&#8221;0&#8243; shift_y_down=&#8221;0&#8243; z_index=&#8221;0&#8243; medium_width=&#8221;0&#8243; mobile_width=&#8221;0&#8243; width=&#8221;1\/1&#8243;][vc_custom_heading heading_semantic=&#8221;h1&#8243; text_size=&#8221;fontsize-739966&#8243; text_color=&#8221;color-prif&#8221;]<span class=\"font-377884\"><strong>Barn med IBD<\/strong><\/span>[\/vc_custom_heading][\/vc_column][\/vc_row][vc_row unlock_row_content=&#8221;yes&#8221; row_height_percent=&#8221;0&#8243; override_padding=&#8221;yes&#8221; h_padding=&#8221;0&#8243; top_padding=&#8221;0&#8243; bottom_padding=&#8221;0&#8243; back_color=&#8221;color-lxmt&#8221; back_image=&#8221;62999&#8243; overlay_alpha=&#8221;50&#8243; gutter_size=&#8221;0&#8243; column_width_percent=&#8221;100&#8243; shift_y=&#8221;0&#8243; z_index=&#8221;0&#8243;][vc_column column_width_percent=&#8221;100&#8243; gutter_size=&#8221;3&#8243; override_padding=&#8221;yes&#8221; column_padding=&#8221;3&#8243; back_color=&#8221;color-xsdn&#8221; overlay_alpha=&#8221;50&#8243; shift_x=&#8221;0&#8243; shift_y=&#8221;-3&#8243; shift_y_down=&#8221;0&#8243; z_index=&#8221;2&#8243; medium_width=&#8221;0&#8243; mobile_width=&#8221;0&#8243; shadow=&#8221;lg&#8221; shadow_darker=&#8221;yes&#8221; width=&#8221;9\/12&#8243;][uncode_index el_id=&#8221;index-2&#8243; loop=&#8221;size:9|order_by:date|post_type:post&#8221; style_preset=&#8221;metro&#8221; pagination=&#8221;yes&#8221; footer_full_width=&#8221;yes&#8221; gutter_size=&#8221;4&#8243; post_items=&#8221;media|featured|onpost|poster,date,title,text|excerpt|160,sep-one|full,link|link&#8221; screen_lg=&#8221;1000&#8243; screen_md=&#8221;600&#8243; screen_sm=&#8221;480&#8243; single_text=&#8221;lateral&#8221; single_width=&#8221;12&#8243; single_image_size=&#8221;4&#8243; single_overlay_opacity=&#8221;50&#8243; single_overlay_anim=&#8221;no&#8221; single_text_anim=&#8221;no&#8221; single_padding=&#8221;2&#8243; single_title_dimension=&#8221;fontsize-155944&#8243; single_title_weight=&#8221;800&#8243; single_title_space=&#8221;fontspace-781688&#8243; single_text_lead=&#8221;yes&#8221; single_css_animation=&#8221;bottom-t-top&#8221; offset=&#8221;1&#8243;][\/vc_column][vc_column column_width_percent=&#8221;100&#8243; gutter_size=&#8221;3&#8243; override_padding=&#8221;yes&#8221; column_padding=&#8221;3&#8243; back_color=&#8221;color-lxmt&#8221; overlay_alpha=&#8221;50&#8243; shift_x=&#8221;0&#8243; shift_y=&#8221;0&#8243; shift_y_down=&#8221;0&#8243; z_index=&#8221;1&#8243; medium_visibility=&#8221;yes&#8221; medium_width=&#8221;0&#8243; mobile_visibility=&#8221;yes&#8221; mobile_width=&#8221;0&#8243; sticky=&#8221;yes&#8221; width=&#8221;3\/12&#8243;][vc_row_inner][vc_column_inner column_width_percent=&#8221;100&#8243; gutter_size=&#8221;3&#8243; overlay_alpha=&#8221;50&#8243; shift_x=&#8221;0&#8243; shift_y=&#8221;0&#8243; shift_y_down=&#8221;0&#8243; z_index=&#8221;0&#8243; medium_width=&#8221;0&#8243; mobile_width=&#8221;0&#8243; width=&#8221;1\/1&#8243;][vc_custom_heading heading_semantic=&#8221;h5&#8243; text_size=&#8221;h5&#8243; text_weight=&#8221;800&#8243;]Om barnmedibd.dk[\/vc_custom_heading][vc_column_text]Som barn eller for\u00e6ldre til b\u00f8rn, med Crohn\u2019s sygdom eller Colitis Ulcerosa (IBD) ved du allerede, at det i perioder kr\u00e6ver mange kr\u00e6fter at holde styr p\u00e5 b\u00e5de dagligdag, behandling og sygdom.<br \/>\nHer p\u00e5 barnmedibd.dk finder du information, tips og erfaringer om vigtige emner lige fra medicin og tunge tanker til s\u00f8vn etc. mere her&#8230;<br \/>\n<i>Dette website er udarbejdet af B\u00f8rne-Ungeafdelingen, Hvidovre Hospital med st\u00f8tte fra Trygfonden.<\/i>[\/vc_column_text][\/vc_column_inner][\/vc_row_inner][\/vc_column][\/vc_row]\n<\/div>","protected":false},"excerpt":{"rendered":"<p>[vc_row unlock_row_content=&#8221;yes&#8221; row_height_percent=&#8221;58&#8243; override_padding=&#8221;yes&#8221; h_padding=&#8221;0&#8243; top_padding=&#8221;0&#8243; bottom_padding=&#8221;0&#8243; back_color=&#8221;color-lxmt&#8221; back_image=&#8221;87604&#8243; overlay_alpha=&#8221;80&#8243; gutter_size=&#8221;0&#8243; column_width_percent=&#8221;100&#8243; shift_y=&#8221;0&#8243; z_index=&#8221;0&#8243;][vc_column column_width_percent=&#8221;100&#8243; position_vertical=&#8221;middle&#8221; gutter_size=&#8221;3&#8243; override_padding=&#8221;yes&#8221; column_padding=&#8221;3&#8243; style=&#8221;dark&#8221; [&hellip;]<\/p>\n","protected":false},"author":2,"featured_media":78584,"parent":43938,"menu_order":0,"comment_status":"closed","ping_status":"closed","template":"","meta":{"footnotes":""},"class_list":["post-62532","page","type-page","status-publish","has-post-thumbnail","hentry","page_category-demo-blog"],"_links":{"self":[{"href":"https:\/\/barnmedibd.dk\/index.php\/wp-json\/wp\/v2\/pages\/62532","targetHints":{"allow":["GET"]}}],"collection":[{"href":"https:\/\/barnmedibd.dk\/index.php\/wp-json\/wp\/v2\/pages"}],"about":[{"href":"https:\/\/barnmedibd.dk\/index.php\/wp-json\/wp\/v2\/types\/page"}],"author":[{"embeddable":true,"href":"https:\/\/barnmedibd.dk\/index.php\/wp-json\/wp\/v2\/users\/2"}],"replies":[{"embeddable":true,"href":"https:\/\/barnmedibd.dk\/index.php\/wp-json\/wp\/v2\/comments?post=62532"}],"version-history":[{"count":27,"href":"https:\/\/barnmedibd.dk\/index.php\/wp-json\/wp\/v2\/pages\/62532\/revisions"}],"predecessor-version":[{"id":87652,"href":"https:\/\/barnmedibd.dk\/index.php\/wp-json\/wp\/v2\/pages\/62532\/revisions\/87652"}],"up":[{"embeddable":true,"href":"https:\/\/barnmedibd.dk\/index.php\/wp-json\/wp\/v2\/pages\/43938"}],"wp:featuredmedia":[{"embeddable":true,"href":"https:\/\/barnmedibd.dk\/index.php\/wp-json\/wp\/v2\/media\/78584"}],"wp:attachment":[{"href":"https:\/\/barnmedibd.dk\/index.php\/wp-json\/wp\/v2\/media?parent=62532"}],"curies":[{"name":"wp","href":"https:\/\/api.w.org\/{rel}","templated":true}]}}